m(o) = -18*o + 301. Calculate m(17).
-5
Let n(z) = 9*z + 6. Calculate n(-3).
-21
Let m(k) = -2*k**2 - 11*k - 28. Give m(-4).
-16
Let i(q) = -q - 14. Determine i(-8).
-6
Let l(x) = -3*x**2 - 3*x - 2. Calculate l(-4).
-38
Let p(y) = -39*y - 8. What is p(-2)?
70
Let f(s) = 8*s**2 + 5*s - 13. Give f(-5).
162
Let j(n) = -7*n - 8. What is j(-3)?
13
Let t(k) = -k**3 - 2*k**2 + 5*k + 12. Calculate t(-2).
2
Let h(b) = -b**3 + 5*b**2 - 2*b + 20. Determine h(4).
28
Let h(p) = p**3 - 2*p**2 + p + 11. Calculate h(0).
11
Let s(y) = y - 11. What is s(14)?
3
Let y(o) = o**3 - 11*o**2 + 5*o + 2. Give y(11).
57
Let f(c) = -20*c - 1. Calculate f(3).
-61
Let d(s) = 29*s - 449. Calculate d(16).
15
Let s(l) = -2*l**2 + 11*l - 4. Determine s(0).
-4
Let r(m) = -m**2 - 25*m - 6. Give r(-25).
-6
Let f(o) = -o**2 - 11*o + 21. Give f(-12).
9
Let v(g) = 2*g**2 - 3*g + 6. Calculate v(5).
41
Let u(t) = -t**2 + 29*t - 193. Calculate u(12).
11
Let o(w) = -127*w**2 - w - 1. Give o(-1).
-127
Let c(n) = -n**3 - 6*n**2 - 6*n - 6. Give c(-5).
-1
Let s(d) = d**3 - 5*d**2 + 4*d + 6. Calculate s(6).
66
Let d(p) = -p**3 - 9*p**2 - 3*p + 5. Calculate d(-8).
-35
Let r(n) = n**3 - 8*n**2 + 6*n + 4. Calculate r(8).
52
Let n(u) = -u**2 - 20*u - 52. Calculate n(-17).
-1
Let j(b) = -b**3 + 6*b**2 + 3. What is j(6)?
3
Let c(m) = 2*m**2 - m + 3. Give c(5).
48
Let j(k) = k**2 - 8*k + 2. Give j(8).
2
Let q(z) = -3*z**2 - 3*z + 2. Calculate q(2).
-16
Let v(b) = 16*b + 1. What is v(5)?
81
Let r(k) = -k**3 + 4*k**2 + 15*k - 18. Determine r(8).
-154
Let y(t) = t**3 - 8*t**2 - 2*t + 5. Give y(8).
-11
Let f(r) = -r**3 + 3*r**2 + 8*r + 7. Calculate f(5).
-3
Let w(a) = a**2 - 6*a - 2. What is w(8)?
14
Let h(w) = -35*w + 848. Calculate h(24).
8
Let j(a) = -a**2 + 17*a - 19. Give j(16).
-3
Let a(b) = -b**3 - 4*b**2 + 4*b + 1. Determine a(-6).
49
Let z(v) = v + 61. What is z(-8)?
53
Let x(i) = -i**3 - 3*i**2 + 2*i + 6. Determine x(-3).
0
Let r(q) = 6*q + 29. Determine r(-12).
-43
Let h(t) = -5*t - 5. Determine h(-5).
20
Let b(a) = a**3 + 9*a**2 - a - 21. Determine b(-9).
-12
Let w(c) = -c**3 - 7*c**2 - 5*c + 7. Give w(-6).
1
Let z(q) = q**2 - q + 24. Determine z(0).
24
Let t(l) = 5*l + 69. Calculate t(-13).
4
Let p(n) = n**2 + n - 2. What is p(-3)?
4
Let o(i) = 2*i**2 + 69*i + 165. Give o(-32).
5
Let r(x) = -5*x + 8. What is r(3)?
-7
Let h(v) = 5*v**2 + 2*v - 1. Calculate h(-3).
38
Let j(h) = h + 5. Determine j(-4).
1
Let z(p) = -14*p - 31. Calculate z(-2).
-3
Let f(o) = o**2 + 8*o + 10. What is f(-11)?
43
Let y(r) = r**2 - 7*r + 10. Calculate y(2).
0
Let d(f) = -f**3 - 3*f**2 + 4*f - 3. Determine d(2).
-15
Let h(u) = -15*u**2 + 1. Determine h(-1).
-14
Let q(h) = h**2 - 6*h - 8. Give q(8).
8
Let w(q) = -4*q - 10. Give w(-6).
14
Let p(a) = 3*a**3 - 4*a**2 + 2*a - 3. Calculate p(3).
48
Let t(r) = 4*r + 37. Determine t(-19).
-39
Let n(h) = h - 15. Determine n(6).
-9
Let y(q) = -q**3 - 4*q**2 + 5*q + 4. What is y(-5)?
4
Let h(k) = -k**3 - 10*k**2 + 11*k - 4. Give h(-11).
-4
Let j(f) = f**3 - 6*f**2 + 3*f + 6. Give j(5).
-4
Let z(v) = -41*v**3 + v**2 + 2*v + 2. Determine z(-1).
42
Let u(t) = -t**2 + 2*t - 1. What is u(5)?
-16
Let j(w) = -4*w**2 - 5*w + 36. Give j(-7).
-125
Let r(d) = d**3 + 4*d**2 + 6*d + 7. Determine r(-2).
3
Let a(h) = h**3 + 15*h**2 - h - 20. Determine a(-15).
-5
Let g(h) = -h**3 + 14*h**2 - 14*h + 17. Give g(13).
4
Let f(q) = q**3 - 4*q**2 + 7*q - 3. Determine f(3).
9
Let y(a) = 26*a - 1. What is y(1)?
25
Let y(b) = -b**2 - 7*b + 22. Give y(-16).
-122
Let o(j) = -j**2 + 48*j + 151. Determine o(51).
-2
Let h(x) = x**2 + 11*x - 6. Calculate h(-12).
6
Let k(o) = 13*o + 359. Calculate k(-28).
-5
Let r(l) = l**3 + 9*l**2 + 16*l + 21. Determine r(-7).
7
Let b(i) = -4*i**3 + 6*i**2 + 3*i - 3. Calculate b(3).
-48
Let m(q) = q**3 + 12*q**2 + 22*q + 47. Determine m(-10).
27
Let k(r) = -7*r + 5. Give k(2).
-9
Let a(w) = w**2 - 26*w + 47. Calculate a(24).
-1
Let f(m) = -m**3 + 8*m**2 - 8*m - 3. Determine f(7).
-10
Let r(q) = 3*q + 1. Determine r(-7).
-20
Let u(z) = 54*z - 19. What is u(2)?
89
Let h(t) = 107*t + 6. Give h(2).
220
Let m(j) = j**2 - j - 36. Calculate m(-6).
6
Let q(g) = 3*g + 2. What is q(-6)?
-16
Let c(z) = z**3 + z**2 - z + 4. Calculate c(-4).
-40
Let k(m) = -m**2 - 11*m + 5. What is k(-9)?
23
Let d(s) = -3*s**2 + 15*s + 3. What is d(7)?
-39
Let j(g) = g**2 - 23*g + 73. Give j(4).
-3
Let z(g) = g**3 - 3*g**2 - 10*g + 8. Calculate z(6).
56
Let s(a) = -13*a - 24. Calculate s(7).
-115
Let l(o) = 15*o + 1. What is l(-3)?
-44
Let d(q) = -q**3 + 7*q**2 + 10*q - 12. What is d(8)?
4
Let i(c) = -c + 3. What is i(-5)?
8
Let q(a) = -a**2 - 7*a + 10. Determine q(3).
-20
Let a(r) = -2*r**3 + 4*r**2 - 3*r - 10. Give a(3).
-37
Let i(d) = -d**3 - d**2 - 10. Calculate i(0).
-10
Let v(g) = 4*g**2 + 4*g - 6. Give v(4).
74
Let o(r) = -r**3 - 6*r**2 + 12*r + 38. Calculate o(-6).
-34
Let l(v) = -2*v**2 - 9*v + 8. Calculate l(-5).
3
Let x(t) = t**3 - 6*t**2 + 4*t + 4. What is x(5)?
-1
Let x(c) = c**3 + 12*c**2 + 10*c - 2. Give x(-11).
9
Let v(b) = -5*b**3 - 23*b**2 + 10*b + 3. Give v(-5).
3
Let b(x) = 11*x**2 + 67*x - 1. Determine b(-6).
-7
Let k(o) = -o**3 + 8*o**2 - 6*o. Determine k(5).
45
Let s(r) = -2*r**3 + 2*r**2 - 5*r - 22. What is s(-3)?
65
Let k(m) = -89*m + 276. What is k(3)?
9
Let g(y) = -y**2 - 5*y + 23. Calculate g(5).
-27
Let i(o) = o**2 - o - 14. Determine i(6).
16
Let o(z) = z**2 - 3*z - 16. What is o(8)?
24
Let k(i) = i**2 - 31*i - 63. Give k(33).
3
Let x(u) = u. What is x(-26)?
-26
Let z(x) = x**3 + 8*x**2 - 12*x - 8. Calculate z(-10).
-88
Let k(r) = -2*r**2 + 25*r - 68. Give k(9).
-5
Let j(z) = -z - 12. Give j(-4).
-8
Let c(y) = 20*y + 80. Determine c(-4).
0
Let k(p) = -3*p**2 + p - 7. Calculate k(-2).
-21
Let l(b) = b**3 - 58*b**2 - 123*b + 183. Give l(60).
3
Let a(r) = 4*r - 37. Give a(10).
3
Let y(p) = -p**3 - 2*p**2 - 3. What is y(-3)?
6
Let j(h) = h**2 + 17*h - 1. Determine j(-16).
-17
Let x(r) = r**2 + 12*r - 8. Give x(-12).
-8
Let f(i) = -i**3 - 6*i**2 + 6*i + 11. Calculate f(-7).
18
Let m(u) = u**2 + 6*u - 18. Give m(-10).
22
Let y(r) = 2*r - 1. Give y(3).
5
Let x(c) = -c**3 - 8*c**2 + 2*c - 15. Give x(-6).
-99
Let r(u) = 2*u**2 - 18*u - 2. Determine r(9).
-2
Let w(g) = -g**2 - 16*g - 11. Calculate w(-11).
44
Let n(b) = -b**3 + 7*b**2 - 9*b + 5. Determine n(6).
-13
Let l(w) = -w**2 - 12*w - 8. Determine l(-5).
27
Let w(q) = -16*q - 159. Give w(-9).
-15
Let v(n) = -2*n - 3. Determine v(-7).
11
Let u(p) = p**3 - 12*p**2 - 14*p + 16. Determine u(13).
3
Let z(i) = i**3 - 5*i**2 - 7*i - 26. Give z(8).
110
Let i(s) = s**3 - 7*s**2 + 5*s + 11. Give i(6).
5
Let o(r) = -2*r + 16. Give o(-11).
38
Let p(u) = -3*u - 18. Calculate p(-5).
-3
Let h(p) = p**2 + 28*p + 108. What is h(-23)?
-7
Let u(h) = -h**3 + 4*h**2 - 8*h + 33. Determine u(4).
1
Let l(h) = -h**2 + 12*h - 8. Determine l(11).
3
Let r(l) = l**2 - 4*l + 22. What is r(-7)?
99
Let w(j) = -j**3 + 9*j**2 + 3*j - 10. Calculate w(9).
17
Let k(p) = -p**3 - 7*p**2 - 14*p - 14. Determine k(-4).
-6
Let n(p) = -11*p - 180. Determine n(-16).
-4
Let t(w) = 95*w - 475. Give t(5).
0
Let z(a) = -2*a**3 + a**2 - 5. What is z(4)?
-117
Let o(d) = d**3 + 7*d**2 - d - 6. Determine o(0).
-6
Let c(w) = w**3 - 8*w**2 - 8*w - 16. What is c(8)?
-80
Let c(r) = 39*r + 1720. Determine c(-44).
4
Let l(a) = 9*a**2 - a - 1. Determine l(2).
33
Let o(a) = 7*a + 2. Give o(-2).
-12
Let r(d) = 8*d - 55. Give r(9).
17
Let d(m) = m**3 - 21*m**2 + 11*m + 18. What is d(20)?
-162
Let z(d) = d**3 + 9*d**2 + 6*d - 9. Determine z(-7).
47
Let d(y) = y - 37. What is d(12)?
-25
Let t(h) = 11*h**3 - h**2 - h - 1. Give t(-1).
-12
Let s(f) = -f + 3. What is s(0)?
3
Let b(f) = -4*f - 9. Determine b(-6).
15
Let k(i) = -i - 10. What is k(4)?
-14
Let w(r) = -16*r + 77. What is w(4)?
13
Let b(t) = 3*t**3 + 9*t**2 + 34*t + 50. What is b(-2)?
-6
Let q(z) = -16*z + 109. Give q(7).
-3
Let b(t) = t**3 + 3*t**2 + 19*t + 55. Determine b(-3).
-2
Let y(h) = h**2 + 14*h + 31. Calculate y(-11).
-2
Let i(d) = -d**3 - 6*d**2 - 5*d. Calculate i(-3).
-12
Let a(z) = 2*z**2 + 34*z + 67. Give a(-15).
7
Let p(s) = -2*s**3 - 2*s**2 + s. What is p(2)?
-22
Let q(a) = 69*a - 12. Calculate q(2).
126
Let a(s) = 2*s + 27. What is a(-12)?
3
Let w(x) = -x**2 - 6*x - 8. Give w(0).
-8
Let d(t) = -3*t**2 - 8*t + 3.